 77560059713 prime?
True
Is 6909506587 composite?
True
Is 20240623673 a composite number?
False
Is 2123297521 composite?
True
Is 202936579169 a prime number?
False
Is 203695729 composite?
True
Is 8015713553 a prime number?
True
Is 10095937757 a composite number?
False
Is 3008576929 prime?
False
Is 28508233837 composite?
True
Is 289118920687 prime?
True
Is 45785276879 prime?
False
Is 153727664213 a prime number?
False
Is 32311989373 a composite number?
False
Is 80656085 a composite number?
True
Is 8310870707 prime?
False
Is 163076629907 a prime number?
False
Is 144317189 prime?
True
Is 1097884589 a prime number?
True
Is 361490951 composite?
False
Is 6668551411 composite?
True
Is 3418345163 a prime number?
True
Is 8212309757 a composite number?
False
Is 8066317411 a prime number?
False
Is 50777275961 a composite number?
True
Is 58583141 a prime number?
True
Is 16886734183 composite?
True
Is 4319842321 a prime number?
True
Is 2791504787 composite?
False
Is 323003836481 prime?
True
Is 812746723 composite?
True
Is 364211489 a composite number?
True
Is 4778285033 a composite number?
True
Is 5404890277 composite?
False
Is 11736976777 a composite number?
False
Is 694588591 a composite number?
True
Is 13929200374 a prime number?
False
Is 2129862563 a prime number?
True
Is 977481539 composite?
False
Is 91593257 a prime number?
False
Is 11018441909 a composite number?
False
Is 357504491 composite?
True
Is 539314117 prime?
False
Is 650661031 prime?
False
Is 22952682523 a composite number?
True
Is 5344424407 prime?
False
Is 6907685723 composite?
True
Is 111585571 a composite number?
False
Is 9325121393 composite?
True
Is 12659286023 a composite number?
True
Is 4126340123 a prime number?
True
Is 2356147693 a composite number?
False
Is 55452493 a composite number?
True
Is 5824173937 a prime number?
False
Is 67796033951 prime?
True
Is 29075887433 a prime number?
True
Is 706806557 a composite number?
True
Is 179155751 prime?
True
Is 1682173411 prime?
False
Is 170177933869 prime?
False
Is 8935546747 a prime number?
True
Is 20718434509 a prime number?
False
Is 149004629 a prime number?
False
Is 2944157173 a composite number?
False
Is 563125631 a composite number?
False
Is 7926807381 a composite number?
True
Is 10196685791 composite?
False
Is 761016371 a prime number?
True
Is 23412426439 a composite number?
False
Is 11199955573 a prime number?
False
Is 42138237523 prime?
True
Is 4386563435 a prime number?
False
Is 15188702169 a prime number?
False
Is 17365183037 prime?
False
Is 68874236537 a composite number?
False
Is 2644138373 prime?
True
Is 23519684131 a prime number?
True
Is 16775468083 a composite number?
True
Is 175641289 a prime number?
False
Is 22741917071 prime?
False
Is 1451613517 prime?
True
Is 7793394143 a composite number?
False
Is 9853273193 composite?
True
Is 135578129569 a prime number?
True
Is 40006409267 a prime number?
False
Is 109734077 a prime number?
True
Is 169664611 a prime number?
False
Is 169053007 prime?
True
Is 309849653 composite?
False
Is 9126045503 composite?
True
Is 1666915937 a composite number?
True
Is 7940780849 prime?
True
Is 1043561137 composite?
False
Is 18976785361 composite?
True
Is 3077133753 composite?
True
Is 8147153983 composite?
False
Is 3392089957 a prime number?
True
Is 5897574283 composite?
True
Is 132724482413 prime?
False
Is 1138944419 a composite number?
True
Is 15254327167 a prime number?
False
Is 101125305109 a composite number?
True
Is 82357005343 composite?
False
Is 38486490919 prime?
True
Is 22099004569 prime?
False
Is 9607224565 prime?
False
Is 4462424321 composite?
False
Is 57727667653 prime?
True
Is 510656497 a prime number?
False
Is 4945144658 a prime number?
False
Is 5278095631 a composite number?
False
Is 2088236083 a composite number?
True
Is 8582892233 a composite number?
True
Is 541140529 prime?
True
Is 12511678363 prime?
False
Is 317185706 prime?
False
Is 40866971487 prime?
False
Is 8971980733 a prime number?
True
Is 428866145 a prime number?
False
Is 9455261767 a prime number?
False
Is 917811421 a composite number?
True
Is 6720110522 a prime number?
False
Is 123437771 composite?
False
Is 2520182229 prime?
False
Is 182028184363 composite?
False
Is 896246683 a prime number?
True
Is 650943302 composite?
True
Is 3820021517 a composite number?
True
Is 246304283 a composite number?
True
Is 133346573 composite?
True
Is 58794903847 a composite number?
True
Is 47164883179 a prime number?
True
Is 3312555329 a composite number?
False
Is 1403666227 prime?
False
Is 19515870701 a composite number?
False
Is 501375319 prime?
True
Is 39940271003 a prime number?
False
Is 530628233 a prime number?
False
Is 203640797 prime?
True
Is 14215193 prime?
True
Is 20656735017 prime?
False
Is 39806435297 a prime number?
False
Is 53134397111 prime?
True
Is 3024404611 a composite number?
False
Is 15826000189 a composite number?
True
Is 7715740463 prime?
True
Is 7158922019 composite?
True
Is 23655575611 a composite number?
True
Is 3553927303 a prime number?
True
Is 2850670399 composite?
False
Is 2170662367 a prime number?
False
Is 539336647 a prime number?
True
Is 76585669 prime?
True
Is 15947469313 a composite number?
True
Is 61878361669 prime?
False
Is 9169681271 a composite number?
True
Is 1121689663 a prime number?
True
Is 39528207317 a composite number?
True
Is 4435021573 a composite number?
True
Is 1170704981 a prime number?
False
Is 4357780465 a prime number?
False
Is 1376572469 composite?
False
Is 2440611557 a prime number?
True
Is 12244128815 prime?
False
Is 3153144523 a prime number?
True
Is 786864409 a prime number?
True
Is 12395608513 composite?
False
Is 108357307 a prime number?
False
Is 4148612803 a prime number?
False
Is 9585925837 a composite number?
True
Is 19269553957 a prime number?
False
Is 8290864627 a prime number?
True
Is 124973647763 composite?
True
Is 70663423 composite?
False
Is 120169873 composite?
True
Is 43913239 a composite number?
True
Is 8832226583 composite?
False
Is 11985791777 composite?
True
Is 90375206083 composite?
False
Is 81265910303 a prime number?
True
Is 345135907 a composite number?
True
Is 8340675637 composite?
True
Is 99154019 a prime number?
True
Is 21658191173 prime?
False
Is 73130490647 a composite number?
True
Is 2374975873 composite?
False
Is 8041501367 composite?
True
Is 31439197393 composite?
False
Is 669142799 prime?
False
Is 8201958383 prime?
True
Is 179463331459 prime?
False
Is 576566689 composite?
True
Is 717173983 composite?
False
Is 7258173421 composite?
False
Is 1105029097 a composite number?
True
Is 599816255 prime?
False
Is 3789660943 composite?
False
Is 274047359 a composite number?
False
Is 28755699163 composite?
True
Is 1242522377 prime?
False
Is 1293680539 composite?
False
Is 16624787141 a prime number?
True
Is 14528741 composite?
False
Is 56152191829 composite?
False
Is 694260839 a prime number?
False
Is 23973315547 a prime number?
True
Is 16149207173 composite?
True
Is 16060510121 a prime number?
False
Is 1438344571 a composite number?
False
Is 171248897 composite?
True
Is 97365154415 prime?
False
Is 3845631683 prime?
True
Is 9626515967 a composite number?
True
Is 22024394569 composite?
True
Is 12879850969 a composite number?
True
Is 843345821 prime?
True
Is 1441616707 prime?
True
Is 2980694411 composite?
True
Is 397712597 a composite number?
False
Is 457964743 composite?
False
Is 146706653 a composite number?
False
Is 1332314761 a prime number?
True
Is 7065814081 a composite number?
True
Is 5008788179 composite?
True
Is 411233573 a composite number?
False
Is 7488089707 composite?
True
Is 8902046207 composite?
False
Is 14013530681 a composite number?
False
Is 2764927301 prime?
False
Is 36014632091 composite?
True
Is 5272068313 prime?
False
Is 35650542311 a composite number?
True
Is 27938373569 composite?
False
Is 98226564989 composite?
True
Is 625888229 a prime number?
True
Is 26249272013 a prime number?
True
Is 10855267781 composite?
True
Is 236116903 a prime number?
False
Is 11168331173 composite?
True
Is 872246197 prime?
True
Is 14981186911 a composite number?
False
Is 1668949439 composite?
True
Is 1937190911 a prime number?
True
Is 1757707151 a prime number?
True
Is 23254079329 prime?
False
Is 39031089859 a prime number?
True
Is 1092450259 a prime number